{"id":1418,"date":"2026-04-27T22:45:37","date_gmt":"2026-04-27T20:45:37","guid":{"rendered":"https:\/\/velessia-clothes.com\/?post_type=product&#038;p=1418"},"modified":"2026-04-27T22:45:37","modified_gmt":"2026-04-27T20:45:37","slug":"roztomily-detsky-komplet-s-dzinami-%f0%9f%8d%8b%f0%9f%91%b6%e2%9c%a8","status":"publish","type":"product","link":"https:\/\/velessia-clothes.com\/ua\/product\/roztomily-detsky-komplet-s-dzinami-%f0%9f%8d%8b%f0%9f%91%b6%e2%9c%a8\/","title":{"rendered":"Roztomil\u00fd d\u011btsk\u00fd komplet s d\u017e\u00ednami \ud83c\udf4b\ud83d\udc76\u2728"},"content":{"rendered":"<p data-start=\"0\" data-end=\"40\">Roztomil\u00fd d\u011btsk\u00fd komplet s d\u017e\u00ednami \ud83c\udf4b\ud83d\udc76\u2728<\/p>\n<p data-start=\"42\" data-end=\"192\">Stylov\u00fd a pohodln\u00fd outfit pro miminko, ide\u00e1ln\u00ed na b\u011b\u017en\u00e9 no\u0161en\u00ed, proch\u00e1zky i focen\u00ed. Vesel\u00fd motiv citronku dod\u00e1v\u00e1 kompletu hrav\u00fd a origin\u00e1ln\u00ed vzhled \ud83d\udc9b<\/p>\n<p data-start=\"194\" data-end=\"330\">Set obsahuje:<br data-start=\"207\" data-end=\"210\" \/>\u2714\ufe0f M\u011bkou\u010dk\u00e1 mikina \/ svet\u0159\u00edk s motivem citronku<br data-start=\"257\" data-end=\"260\" \/>\u2714\ufe0f Stylov\u00e9 d\u017e\u00ednov\u00e9 kalhoty<br data-start=\"286\" data-end=\"289\" \/>\u2714\ufe0f Pohodln\u00fd st\u0159ih pro ka\u017edodenn\u00ed no\u0161en\u00ed<\/p>\n<p data-start=\"332\" data-end=\"452\">Dostupn\u00e9 barvy:<br data-start=\"347\" data-end=\"350\" \/>\ud83e\udd0d Kr\u00e9mov\u00e1 + modr\u00e9 d\u017e\u00edny<br data-start=\"374\" data-end=\"377\" \/>\ud83d\udc9a Zelen\u00e1 + modr\u00e9 d\u017e\u00edny<br data-start=\"400\" data-end=\"403\" \/>\ud83e\udd0e Hn\u011bd\u00e1 + modr\u00e9 d\u017e\u00edny<br data-start=\"425\" data-end=\"428\" \/>\ud83d\udc99 Modr\u00e1 + modr\u00e9 d\u017e\u00edny<\/p>\n<p data-start=\"454\" data-end=\"601\" data-is-last-node=\"\" data-is-only-node=\"\">V\u00fdhody:<br data-start=\"461\" data-end=\"464\" \/>\u2022 P\u0159\u00edjemn\u00fd a kvalitn\u00ed materi\u00e1l<br data-start=\"494\" data-end=\"497\" \/>\u2022 Pohodln\u00fd st\u0159ih pro miminka<br data-start=\"525\" data-end=\"528\" \/>\u2022 Modern\u00ed a roztomil\u00fd design<br data-start=\"556\" data-end=\"559\" \/>\u2022 Ide\u00e1ln\u00ed na jaro, podzim i chladn\u011bj\u0161\u00ed dny<\/p>","protected":false},"excerpt":{"rendered":"<p>Roztomil\u00fd d\u011btsk\u00fd komplet s d\u017e\u00ednami \ud83c\udf4b\ud83d\udc76\u2728 Stylov\u00fd a pohodln\u00fd outfit pro miminko, ide\u00e1ln\u00ed na b\u011b\u017en\u00e9 no\u0161en\u00ed, proch\u00e1zky i focen\u00ed. Vesel\u00fd<\/p>","protected":false},"featured_media":1421,"comment_status":"open","ping_status":"closed","template":"","meta":[],"product_brand":[],"product_cat":[25],"product_tag":[],"class_list":{"0":"post-1418","1":"product","2":"type-product","3":"status-publish","4":"has-post-thumbnail","6":"product_cat-obleceni","7":"pa_barva-hneda","8":"pa_barva-kremova","9":"pa_barva-modra","10":"pa_barva-zelena","11":"pa_podle-typu-zbozi-detsky-komplet-s-dzinami","12":"pa_podle-typu-zbozi-dziny","13":"pa_vek-miminka-6-24-mesicu","14":"pa_velikost-12-mesicu","15":"pa_velikost-18-mesicu","16":"pa_velikost-24-mesicu","17":"pa_velikost-6-mesicu","19":"first","20":"instock","21":"shipping-taxable","22":"purchasable","23":"product-type-variable"},"_links":{"self":[{"href":"https:\/\/velessia-clothes.com\/ua\/wp-json\/wp\/v2\/product\/1418","targetHints":{"allow":["GET"]}}],"collection":[{"href":"https:\/\/velessia-clothes.com\/ua\/wp-json\/wp\/v2\/product"}],"about":[{"href":"https:\/\/velessia-clothes.com\/ua\/wp-json\/wp\/v2\/types\/product"}],"replies":[{"embeddable":true,"href":"https:\/\/velessia-clothes.com\/ua\/wp-json\/wp\/v2\/comments?post=1418"}],"version-history":[{"count":1,"href":"https:\/\/velessia-clothes.com\/ua\/wp-json\/wp\/v2\/product\/1418\/revisions"}],"predecessor-version":[{"id":1439,"href":"https:\/\/velessia-clothes.com\/ua\/wp-json\/wp\/v2\/product\/1418\/revisions\/1439"}],"wp:featuredmedia":[{"embeddable":true,"href":"https:\/\/velessia-clothes.com\/ua\/wp-json\/wp\/v2\/media\/1421"}],"wp:attachment":[{"href":"https:\/\/velessia-clothes.com\/ua\/wp-json\/wp\/v2\/media?parent=1418"}],"wp:term":[{"taxonomy":"product_brand","embeddable":true,"href":"https:\/\/velessia-clothes.com\/ua\/wp-json\/wp\/v2\/product_brand?post=1418"},{"taxonomy":"product_cat","embeddable":true,"href":"https:\/\/velessia-clothes.com\/ua\/wp-json\/wp\/v2\/product_cat?post=1418"},{"taxonomy":"product_tag","embeddable":true,"href":"https:\/\/velessia-clothes.com\/ua\/wp-json\/wp\/v2\/product_tag?post=1418"}],"curies":[{"name":"wp","href":"https:\/\/api.w.org\/{rel}","templated":true}]}}

Roztomilý dětský komplet s džínami 🍋👶✨

<p data-start="0" data-end="40">Roztomilý dětský komplet s džínami 🍋👶✨</p>
<p data-start="42" data-end="192">Stylový a pohodlný outfit pro miminko, ideální na běžné nošení, procházky i focení. Veselý motiv citronku dodává kompletu hravý a originální vzhled 💛</p>
<p data-start="194" data-end="330">Set obsahuje:<br data-start="207" data-end="210" />✔️ Měkoučká mikina / svetřík s motivem citronku<br data-start="257" data-end="260" />✔️ Stylové džínové kalhoty<br data-start="286" data-end="289" />✔️ Pohodlný střih pro každodenní nošení</p>
<p data-start="332" data-end="452">Dostupné barvy:<br data-start="347" data-end="350" />🤍 Krémová + modré džíny<br data-start="374" data-end="377" />💚 Zelená + modré džíny<br data-start="400" data-end="403" />🤎 Hnědá + modré džíny<br data-start="425" data-end="428" />💙 Modrá + modré džíny</p>
<p data-start="454" data-end="601" data-is-last-node="" data-is-only-node="">Výhody:<br data-start="461" data-end="464" />• Příjemný a kvalitní materiál<br data-start="494" data-end="497" />• Pohodlný střih pro miminka<br data-start="525" data-end="528" />• Moderní a roztomilý design<br data-start="556" data-end="559" />• Ideální na jaro, podzim i chladnější dny</p>

<p>Roztomilý dětský komplet s džínami 🍋👶✨ Stylový a pohodlný outfit pro miminko, ideální na běžné nošení, procházky i focení. Veselý</p>
