{"id":1440,"date":"2026-04-27T22:53:21","date_gmt":"2026-04-27T20:53:21","guid":{"rendered":"https:\/\/velessia-clothes.com\/?post_type=product&#038;p=1440"},"modified":"2026-04-27T22:53:22","modified_gmt":"2026-04-27T20:53:22","slug":"stylovy-3dilny-detsky-komplet-s-vestou-%f0%9f%a7%b8%e2%9c%a8","status":"publish","type":"product","link":"https:\/\/velessia-clothes.com\/ua\/product\/stylovy-3dilny-detsky-komplet-s-vestou-%f0%9f%a7%b8%e2%9c%a8\/","title":{"rendered":"Stylov\u00fd 3d\u00edln\u00fd d\u011btsk\u00fd komplet s vestou \ud83e\uddf8\u2728"},"content":{"rendered":"<section class=\"text-token-text-primary w-full focus:outline-none [--shadow-height:45px] has-data-writing-block:pointer-events-none has-data-writing-block:-mt-(--shadow-height) has-data-writing-block:pt-(--shadow-height) [&amp;:has([data-writing-block])&gt;*]:pointer-events-auto R6Vx5W_threadScrollVars scroll-mb-[calc(var(--scroll-root-safe-area-inset-bottom,0px)+var(--thread-response-height))] scroll-mt-(--header-height)\" dir=\"auto\" data-turn-id=\"279389a3-0717-4d31-ad60-fcdba541fbdc\" data-testid=\"conversation-turn-69\" data-scroll-anchor=\"false\" data-turn=\"user\"><\/section>\n<section class=\"text-token-text-primary w-full focus:outline-none [--shadow-height:45px] has-data-writing-block:pointer-events-none has-data-writing-block:-mt-(--shadow-height) has-data-writing-block:pt-(--shadow-height) [&amp;:has([data-writing-block])&gt;*]:pointer-events-auto [content-visibility:auto] supports-[content-visibility:auto]:[contain-intrinsic-size:auto_100lvh] R6Vx5W_threadScrollVars scroll-mb-[calc(var(--scroll-root-safe-area-inset-bottom,0px)+var(--thread-response-height))] scroll-mt-[calc(var(--header-height)+min(200px,max(70px,20svh)))]\" dir=\"auto\" data-turn-id=\"request-69ee05ea-9c64-8393-a822-8a7abc02c6ea-9\" data-testid=\"conversation-turn-70\" data-scroll-anchor=\"false\" data-turn=\"assistant\">\n<div class=\"text-base my-auto mx-auto pb-10 [--thread-content-margin:var(--thread-content-margin-xs,calc(var(--spacing)*4))] @w-sm\/main:[--thread-content-margin:var(--thread-content-margin-sm,calc(var(--spacing)*6))] @w-lg\/main:[--thread-content-margin:var(--thread-content-margin-lg,calc(var(--spacing)*16))] px-(--thread-content-margin)\">\n<div class=\"[--thread-content-max-width:40rem] @w-lg\/main:[--thread-content-max-width:48rem] mx-auto max-w-(--thread-content-max-width) flex-1 group\/turn-messages focus-visible:outline-hidden relative flex w-full min-w-0 flex-col agent-turn\">\n<div class=\"flex max-w-full flex-col gap-4 grow\">\n<div class=\"min-h-8 text-message relative flex w-full flex-col items-end gap-2 text-start break-words whitespace-normal outline-none keyboard-focused:focus-ring [.text-message+&amp;]:mt-1\" dir=\"auto\" tabindex=\"0\" data-message-author-role=\"assistant\" data-message-id=\"9a75756b-8465-4597-a643-0e2cc82759c6\" data-message-model-slug=\"gpt-5-3\" data-turn-start-message=\"true\">\n<div class=\"flex w-full flex-col gap-1 empty:hidden\">\n<div class=\"markdown prose dark:prose-invert w-full wrap-break-word light markdown-new-styling\">\n<p data-start=\"0\" data-end=\"42\">Stylov\u00fd 3d\u00edln\u00fd d\u011btsk\u00fd komplet s vestou \ud83e\uddf8\u2728<\/p>\n<p data-start=\"44\" data-end=\"214\">Modern\u00ed a pohodln\u00fd outfit pro miminko, ide\u00e1ln\u00ed na b\u011b\u017en\u00e9 no\u0161en\u00ed, proch\u00e1zky i chladn\u011bj\u0161\u00ed dny. Kombinace mikiny s kapuc\u00ed a zateplen\u00e9 vesty dod\u00e1v\u00e1 stylov\u00fd vzhled i pohodl\u00ed \ud83d\udc9b<\/p>\n<p data-start=\"216\" data-end=\"302\">Set obsahuje:<br data-start=\"229\" data-end=\"232\" \/>\u2714\ufe0f Mikina s kapuc\u00ed<br data-start=\"250\" data-end=\"253\" \/>\u2714\ufe0f Zateplen\u00e1 vesta na zip<br data-start=\"278\" data-end=\"281\" \/>\u2714\ufe0f Pohodln\u00e9 kalhoty<\/p>\n<p data-start=\"304\" data-end=\"407\">Dostupn\u00e9 barvy:<br data-start=\"319\" data-end=\"322\" \/>\ud83d\udda4 Tmav\u011b modr\u00e1 + b\u00e9\u017eov\u00e1 vesta<br data-start=\"351\" data-end=\"354\" \/>\ud83e\udd0e B\u00e9\u017eov\u00e1 + b\u00e9\u017eov\u00e1 vesta<br data-start=\"378\" data-end=\"381\" \/>\ud83d\udc9a Zelen\u00e1 + b\u00e9\u017eov\u00e1 vesta<\/p>\n<p data-start=\"409\" data-end=\"548\" data-is-last-node=\"\" data-is-only-node=\"\">V\u00fdhody:<br data-start=\"416\" data-end=\"419\" \/>\u2022 M\u011bkk\u00fd a p\u0159\u00edjemn\u00fd materi\u00e1l<br data-start=\"446\" data-end=\"449\" \/>\u2022 Pohodln\u00fd st\u0159ih pro d\u011bti<br data-start=\"474\" data-end=\"477\" \/>\u2022 Modern\u00ed sportovn\u00ed design<br data-start=\"503\" data-end=\"506\" \/>\u2022 Ide\u00e1ln\u00ed na jaro, podzim i chladn\u011bj\u0161\u00ed dny<\/p>\n<\/div>\n<\/div>\n<\/div>\n<\/div>\n<\/div>\n<\/div>\n<\/section>","protected":false},"excerpt":{"rendered":"<p>Stylov\u00fd 3d\u00edln\u00fd d\u011btsk\u00fd komplet s vestou \ud83e\uddf8\u2728 Modern\u00ed a pohodln\u00fd outfit pro miminko, ide\u00e1ln\u00ed na b\u011b\u017en\u00e9 no\u0161en\u00ed, proch\u00e1zky i chladn\u011bj\u0161\u00ed<\/p>","protected":false},"featured_media":1453,"comment_status":"open","ping_status":"closed","template":"","meta":[],"product_brand":[],"product_cat":[25],"product_tag":[],"class_list":{"0":"post-1440","1":"product","2":"type-product","3":"status-publish","4":"has-post-thumbnail","6":"product_cat-obleceni","7":"pa_barva-bezova","8":"pa_barva-modra","9":"pa_barva-zelena","10":"pa_podle-typu-zbozi-3-dilny-detsky-komplet-s-vestou","11":"pa_vek-predskolaci-4-6-let","12":"pa_velikost-3-roky","13":"pa_velikost-4-roky","14":"pa_velikost-5-let","15":"pa_velikost-6-let","17":"first","18":"instock","19":"shipping-taxable","20":"purchasable","21":"product-type-variable"},"_links":{"self":[{"href":"https:\/\/velessia-clothes.com\/ua\/wp-json\/wp\/v2\/product\/1440","targetHints":{"allow":["GET"]}}],"collection":[{"href":"https:\/\/velessia-clothes.com\/ua\/wp-json\/wp\/v2\/product"}],"about":[{"href":"https:\/\/velessia-clothes.com\/ua\/wp-json\/wp\/v2\/types\/product"}],"replies":[{"embeddable":true,"href":"https:\/\/velessia-clothes.com\/ua\/wp-json\/wp\/v2\/comments?post=1440"}],"version-history":[{"count":1,"href":"https:\/\/velessia-clothes.com\/ua\/wp-json\/wp\/v2\/product\/1440\/revisions"}],"predecessor-version":[{"id":1458,"href":"https:\/\/velessia-clothes.com\/ua\/wp-json\/wp\/v2\/product\/1440\/revisions\/1458"}],"wp:featuredmedia":[{"embeddable":true,"href":"https:\/\/velessia-clothes.com\/ua\/wp-json\/wp\/v2\/media\/1453"}],"wp:attachment":[{"href":"https:\/\/velessia-clothes.com\/ua\/wp-json\/wp\/v2\/media?parent=1440"}],"wp:term":[{"taxonomy":"product_brand","embeddable":true,"href":"https:\/\/velessia-clothes.com\/ua\/wp-json\/wp\/v2\/product_brand?post=1440"},{"taxonomy":"product_cat","embeddable":true,"href":"https:\/\/velessia-clothes.com\/ua\/wp-json\/wp\/v2\/product_cat?post=1440"},{"taxonomy":"product_tag","embeddable":true,"href":"https:\/\/velessia-clothes.com\/ua\/wp-json\/wp\/v2\/product_tag?post=1440"}],"curies":[{"name":"wp","href":"https:\/\/api.w.org\/{rel}","templated":true}]}}

Stylový 3dílný dětský komplet s vestou 🧸✨

<section class="text-token-text-primary w-full focus:outline-none [--shadow-height:45px] has-data-writing-block:pointer-events-none has-data-writing-block:-mt-(--shadow-height) has-data-writing-block:pt-(--shadow-height) [&amp;:has([data-writing-block])&gt;*]:pointer-events-auto R6Vx5W_threadScrollVars scroll-mb-[calc(var(--scroll-root-safe-area-inset-bottom,0px)+var(--thread-response-height))] scroll-mt-(--header-height)" dir="auto" data-turn-id="279389a3-0717-4d31-ad60-fcdba541fbdc" data-testid="conversation-turn-69" data-scroll-anchor="false" data-turn="user"></section>
<section class="text-token-text-primary w-full focus:outline-none [--shadow-height:45px] has-data-writing-block:pointer-events-none has-data-writing-block:-mt-(--shadow-height) has-data-writing-block:pt-(--shadow-height) [&amp;:has([data-writing-block])&gt;*]:pointer-events-auto [content-visibility:auto] supports-[content-visibility:auto]:[contain-intrinsic-size:auto_100lvh] R6Vx5W_threadScrollVars scroll-mb-[calc(var(--scroll-root-safe-area-inset-bottom,0px)+var(--thread-response-height))] scroll-mt-[calc(var(--header-height)+min(200px,max(70px,20svh)))]" dir="auto" data-turn-id="request-69ee05ea-9c64-8393-a822-8a7abc02c6ea-9" data-testid="conversation-turn-70" data-scroll-anchor="false" data-turn="assistant">
<div class="text-base my-auto mx-auto pb-10 [--thread-content-margin:var(--thread-content-margin-xs,calc(var(--spacing)*4))] @w-sm/main:[--thread-content-margin:var(--thread-content-margin-sm,calc(var(--spacing)*6))] @w-lg/main:[--thread-content-margin:var(--thread-content-margin-lg,calc(var(--spacing)*16))] px-(--thread-content-margin)">
<div class="[--thread-content-max-width:40rem] @w-lg/main:[--thread-content-max-width:48rem] mx-auto max-w-(--thread-content-max-width) flex-1 group/turn-messages focus-visible:outline-hidden relative flex w-full min-w-0 flex-col agent-turn">
<div class="flex max-w-full flex-col gap-4 grow">
<div class="min-h-8 text-message relative flex w-full flex-col items-end gap-2 text-start break-words whitespace-normal outline-none keyboard-focused:focus-ring [.text-message+&amp;]:mt-1" dir="auto" tabindex="0" data-message-author-role="assistant" data-message-id="9a75756b-8465-4597-a643-0e2cc82759c6" data-message-model-slug="gpt-5-3" data-turn-start-message="true">
<div class="flex w-full flex-col gap-1 empty:hidden">
<div class="markdown prose dark:prose-invert w-full wrap-break-word light markdown-new-styling">
<p data-start="0" data-end="42">Stylový 3dílný dětský komplet s vestou 🧸✨</p>
<p data-start="44" data-end="214">Moderní a pohodlný outfit pro miminko, ideální na běžné nošení, procházky i chladnější dny. Kombinace mikiny s kapucí a zateplené vesty dodává stylový vzhled i pohodlí 💛</p>
<p data-start="216" data-end="302">Set obsahuje:<br data-start="229" data-end="232" />✔️ Mikina s kapucí<br data-start="250" data-end="253" />✔️ Zateplená vesta na zip<br data-start="278" data-end="281" />✔️ Pohodlné kalhoty</p>
<p data-start="304" data-end="407">Dostupné barvy:<br data-start="319" data-end="322" />🖤 Tmavě modrá + béžová vesta<br data-start="351" data-end="354" />🤎 Béžová + béžová vesta<br data-start="378" data-end="381" />💚 Zelená + béžová vesta</p>
<p data-start="409" data-end="548" data-is-last-node="" data-is-only-node="">Výhody:<br data-start="416" data-end="419" />• Měkký a příjemný materiál<br data-start="446" data-end="449" />• Pohodlný střih pro děti<br data-start="474" data-end="477" />• Moderní sportovní design<br data-start="503" data-end="506" />• Ideální na jaro, podzim i chladnější dny</p>
</div>
</div>
</div>
</div>
</div>
</div>
</section>

<p>Stylový 3dílný dětský komplet s vestou 🧸✨ Moderní a pohodlný outfit pro miminko, ideální na běžné nošení, procházky i chladnější</p>
